{"id":470,"date":"2024-10-04T15:04:59","date_gmt":"2024-10-04T18:04:59","guid":{"rendered":"https:\/\/institutoi3g.org\/site\/?page_id=470"},"modified":"2024-10-04T15:33:29","modified_gmt":"2024-10-04T18:33:29","slug":"iniciativas","status":"publish","type":"page","link":"https:\/\/institutoi3g.org\/site\/iniciativas\/","title":{"rendered":"Iniciativas"},"content":{"rendered":"\n<p class=\"has-medium-font-size\">Instituto i3G: Tecnologia, Cidadania e Engenharia da Paz<\/p>\n\n\n\n<figure class=\"wp-block-image size-large\"><img loading=\"lazy\" decoding=\"async\" width=\"1024\" height=\"576\" src=\"https:\/\/institutoi3g.org\/site\/wp-content\/uploads\/2024\/10\/1600x900-peng-2021-1024x576.jpg\" alt=\"\" class=\"wp-image-482\" srcset=\"https:\/\/institutoi3g.org\/site\/wp-content\/uploads\/2024\/10\/1600x900-peng-2021-1024x576.jpg 1024w, https:\/\/institutoi3g.org\/site\/wp-content\/uploads\/2024\/10\/1600x900-peng-2021-300x169.jpg 300w, https:\/\/institutoi3g.org\/site\/wp-content\/uploads\/2024\/10\/1600x900-peng-2021-768x432.jpg 768w, https:\/\/institutoi3g.org\/site\/wp-content\/uploads\/2024\/10\/1600x900-peng-2021-1536x864.jpg 1536w, https:\/\/institutoi3g.org\/site\/wp-content\/uploads\/2024\/10\/1600x900-peng-2021.jpg 1600w\" sizes=\"auto, (max-width: 1024px) 100vw, 1024px\" \/><\/figure>\n\n\n\n<p>No Instituto i3G, acreditamos que a tecnologia deve estar a servi\u00e7o da cidadania e do desenvolvimento humano. Nossa miss\u00e3o \u00e9 promover inova\u00e7\u00f5es que empoderem as pessoas e fortale\u00e7am a sociedade, com destaque para o uso respons\u00e1vel da Intelig\u00eancia Artificial (IA).<\/p>\n\n\n\n<p>Este ano, estamos renovando nossa vis\u00e3o e ampliando nossa atua\u00e7\u00e3o com a inclus\u00e3o do conceito de Engenharia da Paz. Acreditamos que, assim como a tecnologia, a mente humana precisa ser cultivada e desenvolvida de maneira \u00e9tica e consciente, para evitar os riscos de um futuro dist\u00f3pico. O uso desorientado da IA pode gerar consequ\u00eancias imprevis\u00edveis, e \u00e9 com essa responsabilidade que trabalhamos para construir um amanh\u00e3 mais justo, inclusivo e sustent\u00e1vel.<\/p>\n\n\n\n<p>Explore nosso novo portal e descubra como estamos unindo tecnologia, \u00e9tica e cidadania para transformar o futuro.<\/p>\n","protected":false},"excerpt":{"rendered":"<p>Instituto i3G: Tecnologia, Cidadania e Engenharia da Paz No Instituto i3G, acreditamos que a tecnologia deve estar a servi\u00e7o da cidadania e do desenvolvimento humano.&hellip;<\/p>\n","protected":false},"author":2,"featured_media":0,"parent":0,"menu_order":0,"comment_status":"closed","ping_status":"closed","template":"","meta":{"footnotes":""},"class_list":["post-470","page","type-page","status-publish","hentry"],"yoast_head":"<!-- This site is optimized with the Yoast SEO plugin v27.4 - https:\/\/yoast.com\/product\/yoast-seo-wordpress\/ -->\n<title>Iniciativas - Instituto I3G<\/title>\n<meta name=\"robots\" content=\"index, follow, max-snippet:-1, max-image-preview:large, max-video-preview:-1\" \/>\n<link rel=\"canonical\" href=\"https:\/\/institutoi3g.org\/site\/iniciativas\/\" \/>\n<meta property=\"og:locale\" content=\"pt_PT\" \/>\n<meta property=\"og:type\" content=\"article\" \/>\n<meta property=\"og:title\" content=\"Iniciativas - Instituto I3G\" \/>\n<meta property=\"og:description\" content=\"Instituto i3G: Tecnologia, Cidadania e Engenharia da Paz No Instituto i3G, acreditamos que a tecnologia deve estar a servi\u00e7o da cidadania e do desenvolvimento humano.&hellip;\" \/>\n<meta property=\"og:url\" content=\"https:\/\/institutoi3g.org\/site\/iniciativas\/\" \/>\n<meta property=\"og:site_name\" content=\"Instituto I3G\" \/>\n<meta property=\"article:modified_time\" content=\"2024-10-04T18:33:29+00:00\" \/>\n<meta property=\"og:image\" content=\"https:\/\/institutoi3g.org\/site\/wp-content\/uploads\/2024\/10\/1600x900-peng-2021.jpg\" \/>\n\t<meta property=\"og:image:width\" content=\"1600\" \/>\n\t<meta property=\"og:image:height\" content=\"900\" \/>\n\t<meta property=\"og:image:type\" content=\"image\/jpeg\" \/>\n<meta name=\"twitter:card\" content=\"summary_large_image\" \/>\n<meta name=\"twitter:label1\" content=\"Tempo estimado de leitura\" \/>\n\t<meta name=\"twitter:data1\" content=\"1 minuto\" \/>\n<script type=\"application\/ld+json\" class=\"yoast-schema-graph\">{\"@context\":\"https:\\\/\\\/schema.org\",\"@graph\":[{\"@type\":\"WebPage\",\"@id\":\"https:\\\/\\\/institutoi3g.org\\\/site\\\/iniciativas\\\/\",\"url\":\"https:\\\/\\\/institutoi3g.org\\\/site\\\/iniciativas\\\/\",\"name\":\"Iniciativas - Instituto I3G\",\"isPartOf\":{\"@id\":\"https:\\\/\\\/institutoi3g.org\\\/site\\\/#website\"},\"primaryImageOfPage\":{\"@id\":\"https:\\\/\\\/institutoi3g.org\\\/site\\\/iniciativas\\\/#primaryimage\"},\"image\":{\"@id\":\"https:\\\/\\\/institutoi3g.org\\\/site\\\/iniciativas\\\/#primaryimage\"},\"thumbnailUrl\":\"https:\\\/\\\/institutoi3g.org\\\/site\\\/wp-content\\\/uploads\\\/2024\\\/10\\\/1600x900-peng-2021-1024x576.jpg\",\"datePublished\":\"2024-10-04T18:04:59+00:00\",\"dateModified\":\"2024-10-04T18:33:29+00:00\",\"breadcrumb\":{\"@id\":\"https:\\\/\\\/institutoi3g.org\\\/site\\\/iniciativas\\\/#breadcrumb\"},\"inLanguage\":\"pt-PT\",\"potentialAction\":[{\"@type\":\"ReadAction\",\"target\":[\"https:\\\/\\\/institutoi3g.org\\\/site\\\/iniciativas\\\/\"]}]},{\"@type\":\"ImageObject\",\"inLanguage\":\"pt-PT\",\"@id\":\"https:\\\/\\\/institutoi3g.org\\\/site\\\/iniciativas\\\/#primaryimage\",\"url\":\"https:\\\/\\\/institutoi3g.org\\\/site\\\/wp-content\\\/uploads\\\/2024\\\/10\\\/1600x900-peng-2021.jpg\",\"contentUrl\":\"https:\\\/\\\/institutoi3g.org\\\/site\\\/wp-content\\\/uploads\\\/2024\\\/10\\\/1600x900-peng-2021.jpg\",\"width\":1600,\"height\":900},{\"@type\":\"BreadcrumbList\",\"@id\":\"https:\\\/\\\/institutoi3g.org\\\/site\\\/iniciativas\\\/#breadcrumb\",\"itemListElement\":[{\"@type\":\"ListItem\",\"position\":1,\"name\":\"In\u00edcio\",\"item\":\"https:\\\/\\\/institutoi3g.org\\\/site\\\/\"},{\"@type\":\"ListItem\",\"position\":2,\"name\":\"Iniciativas\"}]},{\"@type\":\"WebSite\",\"@id\":\"https:\\\/\\\/institutoi3g.org\\\/site\\\/#website\",\"url\":\"https:\\\/\\\/institutoi3g.org\\\/site\\\/\",\"name\":\"Instituto I3G\",\"description\":\"\",\"potentialAction\":[{\"@type\":\"SearchAction\",\"target\":{\"@type\":\"EntryPoint\",\"urlTemplate\":\"https:\\\/\\\/institutoi3g.org\\\/site\\\/?s={search_term_string}\"},\"query-input\":{\"@type\":\"PropertyValueSpecification\",\"valueRequired\":true,\"valueName\":\"search_term_string\"}}],\"inLanguage\":\"pt-PT\"}]}<\/script>\n<!-- \/ Yoast SEO plugin. -->","yoast_head_json":{"title":"Iniciativas - Instituto I3G","robots":{"index":"index","follow":"follow","max-snippet":"max-snippet:-1","max-image-preview":"max-image-preview:large","max-video-preview":"max-video-preview:-1"},"canonical":"https:\/\/institutoi3g.org\/site\/iniciativas\/","og_locale":"pt_PT","og_type":"article","og_title":"Iniciativas - Instituto I3G","og_description":"Instituto i3G: Tecnologia, Cidadania e Engenharia da Paz No Instituto i3G, acreditamos que a tecnologia deve estar a servi\u00e7o da cidadania e do desenvolvimento humano.&hellip;","og_url":"https:\/\/institutoi3g.org\/site\/iniciativas\/","og_site_name":"Instituto I3G","article_modified_time":"2024-10-04T18:33:29+00:00","og_image":[{"width":1600,"height":900,"url":"https:\/\/institutoi3g.org\/site\/wp-content\/uploads\/2024\/10\/1600x900-peng-2021.jpg","type":"image\/jpeg"}],"twitter_card":"summary_large_image","twitter_misc":{"Tempo estimado de leitura":"1 minuto"},"schema":{"@context":"https:\/\/schema.org","@graph":[{"@type":"WebPage","@id":"https:\/\/institutoi3g.org\/site\/iniciativas\/","url":"https:\/\/institutoi3g.org\/site\/iniciativas\/","name":"Iniciativas - Instituto I3G","isPartOf":{"@id":"https:\/\/institutoi3g.org\/site\/#website"},"primaryImageOfPage":{"@id":"https:\/\/institutoi3g.org\/site\/iniciativas\/#primaryimage"},"image":{"@id":"https:\/\/institutoi3g.org\/site\/iniciativas\/#primaryimage"},"thumbnailUrl":"https:\/\/institutoi3g.org\/site\/wp-content\/uploads\/2024\/10\/1600x900-peng-2021-1024x576.jpg","datePublished":"2024-10-04T18:04:59+00:00","dateModified":"2024-10-04T18:33:29+00:00","breadcrumb":{"@id":"https:\/\/institutoi3g.org\/site\/iniciativas\/#breadcrumb"},"inLanguage":"pt-PT","potentialAction":[{"@type":"ReadAction","target":["https:\/\/institutoi3g.org\/site\/iniciativas\/"]}]},{"@type":"ImageObject","inLanguage":"pt-PT","@id":"https:\/\/institutoi3g.org\/site\/iniciativas\/#primaryimage","url":"https:\/\/institutoi3g.org\/site\/wp-content\/uploads\/2024\/10\/1600x900-peng-2021.jpg","contentUrl":"https:\/\/institutoi3g.org\/site\/wp-content\/uploads\/2024\/10\/1600x900-peng-2021.jpg","width":1600,"height":900},{"@type":"BreadcrumbList","@id":"https:\/\/institutoi3g.org\/site\/iniciativas\/#breadcrumb","itemListElement":[{"@type":"ListItem","position":1,"name":"In\u00edcio","item":"https:\/\/institutoi3g.org\/site\/"},{"@type":"ListItem","position":2,"name":"Iniciativas"}]},{"@type":"WebSite","@id":"https:\/\/institutoi3g.org\/site\/#website","url":"https:\/\/institutoi3g.org\/site\/","name":"Instituto I3G","description":"","potentialAction":[{"@type":"SearchAction","target":{"@type":"EntryPoint","urlTemplate":"https:\/\/institutoi3g.org\/site\/?s={search_term_string}"},"query-input":{"@type":"PropertyValueSpecification","valueRequired":true,"valueName":"search_term_string"}}],"inLanguage":"pt-PT"}]}},"_links":{"self":[{"href":"https:\/\/institutoi3g.org\/site\/wp-json\/wp\/v2\/pages\/470","targetHints":{"allow":["GET"]}}],"collection":[{"href":"https:\/\/institutoi3g.org\/site\/wp-json\/wp\/v2\/pages"}],"about":[{"href":"https:\/\/institutoi3g.org\/site\/wp-json\/wp\/v2\/types\/page"}],"author":[{"embeddable":true,"href":"https:\/\/institutoi3g.org\/site\/wp-json\/wp\/v2\/users\/2"}],"replies":[{"embeddable":true,"href":"https:\/\/institutoi3g.org\/site\/wp-json\/wp\/v2\/comments?post=470"}],"version-history":[{"count":3,"href":"https:\/\/institutoi3g.org\/site\/wp-json\/wp\/v2\/pages\/470\/revisions"}],"predecessor-version":[{"id":486,"href":"https:\/\/institutoi3g.org\/site\/wp-json\/wp\/v2\/pages\/470\/revisions\/486"}],"wp:attachment":[{"href":"https:\/\/institutoi3g.org\/site\/wp-json\/wp\/v2\/media?parent=470"}],"curies":[{"name":"wp","href":"https:\/\/api.w.org\/{rel}","templated":true}]}}